{"id":383,"date":"2024-05-08T18:05:25","date_gmt":"2024-05-08T21:05:25","guid":{"rendered":"https:\/\/gpasociados.cl\/?page_id=383"},"modified":"2024-05-10T14:04:29","modified_gmt":"2024-05-10T17:04:29","slug":"biblioteca","status":"publish","type":"page","link":"https:\/\/gpasociados.cl\/index.php\/biblioteca\/","title":{"rendered":"Biblioteca"},"content":{"rendered":"\t\t<div data-elementor-type=\"wp-page\" data-elementor-id=\"383\" class=\"elementor elementor-383\">\n\t\t\t\t<div class=\"elementor-element elementor-element-4cf8aee e-grid e-con-boxed e-con e-parent\" data-id=\"4cf8aee\" data-element_type=\"container\" data-settings=\"{&quot;background_background&quot;:&quot;classic&quot;}\">\n\t\t\t\t\t<div class=\"e-con-inner\">\n\t\t<div class=\"elementor-element elementor-element-28babc9 e-flex e-con-boxed e-con e-child\" data-id=\"28babc9\" data-element_type=\"container\">\n\t\t\t\t\t<div class=\"e-con-inner\">\n\t\t\t\t<div class=\"elementor-element elementor-element-f956801 elementor-widget elementor-widget-heading\" data-id=\"f956801\" data-element_type=\"widget\" data-widget_type=\"heading.default\">\n\t\t\t\t<div class=\"elementor-widget-container\">\n\t\t\t\t\t<h2 class=\"elementor-heading-title elementor-size-default\">Interdicci\u00f3n Por Demencia<\/h2>\t\t\t\t<\/div>\n\t\t\t\t<\/div>\n\t\t\t\t<div class=\"elementor-element elementor-element-9ea8f62 elementor-widget elementor-widget-image\" data-id=\"9ea8f62\" data-element_type=\"widget\" data-widget_type=\"image.default\">\n\t\t\t\t<div class=\"elementor-widget-container\">\n\t\t\t\t\t\t\t\t\t\t\t\t\t\t\t<img fetchpriority=\"high\" decoding=\"async\" width=\"819\" height=\"1024\" src=\"https:\/\/gpasociados.cl\/wp-content\/uploads\/2024\/05\/andreea-popa-tmEUmG9K2r0-unsplash-1638x2048-1-819x1024.jpg\" class=\"attachment-large size-large wp-image-1080\" alt=\"\" srcset=\"https:\/\/gpasociados.cl\/wp-content\/uploads\/2024\/05\/andreea-popa-tmEUmG9K2r0-unsplash-1638x2048-1-819x1024.jpg 819w, https:\/\/gpasociados.cl\/wp-content\/uploads\/2024\/05\/andreea-popa-tmEUmG9K2r0-unsplash-1638x2048-1-240x300.jpg 240w, https:\/\/gpasociados.cl\/wp-content\/uploads\/2024\/05\/andreea-popa-tmEUmG9K2r0-unsplash-1638x2048-1-768x960.jpg 768w, https:\/\/gpasociados.cl\/wp-content\/uploads\/2024\/05\/andreea-popa-tmEUmG9K2r0-unsplash-1638x2048-1-1229x1536.jpg 1229w, https:\/\/gpasociados.cl\/wp-content\/uploads\/2024\/05\/andreea-popa-tmEUmG9K2r0-unsplash-1638x2048-1.jpg 1638w\" sizes=\"(max-width: 819px) 100vw, 819px\" \/>\t\t\t\t\t\t\t\t\t\t\t\t\t\t\t<\/div>\n\t\t\t\t<\/div>\n\t\t\t\t<div class=\"elementor-element elementor-element-9a45bdd elementor-widget elementor-widget-text-editor\" data-id=\"9a45bdd\" data-element_type=\"widget\" data-widget_type=\"text-editor.default\">\n\t\t\t\t<div class=\"elementor-widget-container\">\n\t\t\t\t\t\t\t\t\t<p>Interdicci\u00f3n por demencia o por discapacidad mental, todo lo que debes saber.<\/p>\t\t\t\t\t\t\t\t<\/div>\n\t\t\t\t<\/div>\n\t\t\t\t<div class=\"elementor-element elementor-element-9f818f9 elementor-align-left elementor-widget__width-initial elementor-widget elementor-widget-button\" data-id=\"9f818f9\" data-element_type=\"widget\" data-widget_type=\"button.default\">\n\t\t\t\t<div class=\"elementor-widget-container\">\n\t\t\t\t\t\t\t\t\t<div class=\"elementor-button-wrapper\">\n\t\t\t\t\t<a class=\"elementor-button elementor-button-link elementor-size-sm\" href=\"https:\/\/gpasociados.cl\/index.php\/interdiccion-por-demencia\/\">\n\t\t\t\t\t\t<span class=\"elementor-button-content-wrapper\">\n\t\t\t\t\t\t\t\t\t<span class=\"elementor-button-text\">LEER M\u00c1S...<\/span>\n\t\t\t\t\t<\/span>\n\t\t\t\t\t<\/a>\n\t\t\t\t<\/div>\n\t\t\t\t\t\t\t\t<\/div>\n\t\t\t\t<\/div>\n\t\t\t\t\t<\/div>\n\t\t\t\t<\/div>\n\t\t<div class=\"elementor-element elementor-element-2946dbf e-flex e-con-boxed e-con e-child\" data-id=\"2946dbf\" data-element_type=\"container\">\n\t\t\t\t\t<div class=\"e-con-inner\">\n\t\t\t\t<div class=\"elementor-element elementor-element-5f5ecfc elementor-widget elementor-widget-heading\" data-id=\"5f5ecfc\" data-element_type=\"widget\" data-widget_type=\"heading.default\">\n\t\t\t\t<div class=\"elementor-widget-container\">\n\t\t\t\t\t<h2 class=\"elementor-heading-title elementor-size-default\">Ley de Quiebra<\/h2>\t\t\t\t<\/div>\n\t\t\t\t<\/div>\n\t\t\t\t<div class=\"elementor-element elementor-element-ecb5a1b elementor-widget elementor-widget-image\" data-id=\"ecb5a1b\" data-element_type=\"widget\" data-widget_type=\"image.default\">\n\t\t\t\t<div class=\"elementor-widget-container\">\n\t\t\t\t\t\t\t\t\t\t\t\t\t\t\t<img decoding=\"async\" width=\"1024\" height=\"683\" src=\"https:\/\/gpasociados.cl\/wp-content\/uploads\/2024\/05\/towfiqu-barbhuiya-3aGZ7a97qwA-unsplash-1536x1024-1-1024x683.jpg\" class=\"attachment-large size-large wp-image-1081\" alt=\"\" srcset=\"https:\/\/gpasociados.cl\/wp-content\/uploads\/2024\/05\/towfiqu-barbhuiya-3aGZ7a97qwA-unsplash-1536x1024-1-1024x683.jpg 1024w, https:\/\/gpasociados.cl\/wp-content\/uploads\/2024\/05\/towfiqu-barbhuiya-3aGZ7a97qwA-unsplash-1536x1024-1-300x200.jpg 300w, https:\/\/gpasociados.cl\/wp-content\/uploads\/2024\/05\/towfiqu-barbhuiya-3aGZ7a97qwA-unsplash-1536x1024-1-768x512.jpg 768w, https:\/\/gpasociados.cl\/wp-content\/uploads\/2024\/05\/towfiqu-barbhuiya-3aGZ7a97qwA-unsplash-1536x1024-1.jpg 1536w\" sizes=\"(max-width: 1024px) 100vw, 1024px\" \/>\t\t\t\t\t\t\t\t\t\t\t\t\t\t\t<\/div>\n\t\t\t\t<\/div>\n\t\t\t\t<div class=\"elementor-element elementor-element-bd81ba8 elementor-widget elementor-widget-text-editor\" data-id=\"bd81ba8\" data-element_type=\"widget\" data-widget_type=\"text-editor.default\">\n\t\t\t\t<div class=\"elementor-widget-container\">\n\t\t\t\t\t\t\t\t\t<div class=\"bm-masonry-desc bm_content\">\u00bfPara qu\u00e9 sirve la ley de quiebra? Sus ventajas y desventajas m\u00e1s importantes.<\/div>\t\t\t\t\t\t\t\t<\/div>\n\t\t\t\t<\/div>\n\t\t\t\t<div class=\"elementor-element elementor-element-13ec5c1 elementor-align-left elementor-widget__width-initial elementor-widget elementor-widget-button\" data-id=\"13ec5c1\" data-element_type=\"widget\" data-widget_type=\"button.default\">\n\t\t\t\t<div class=\"elementor-widget-container\">\n\t\t\t\t\t\t\t\t\t<div class=\"elementor-button-wrapper\">\n\t\t\t\t\t<a class=\"elementor-button elementor-button-link elementor-size-sm\" href=\"https:\/\/gpasociados.cl\/index.php\/ley-de-quiebra\/\">\n\t\t\t\t\t\t<span class=\"elementor-button-content-wrapper\">\n\t\t\t\t\t\t\t\t\t<span class=\"elementor-button-text\">LEER M\u00c1S...<\/span>\n\t\t\t\t\t<\/span>\n\t\t\t\t\t<\/a>\n\t\t\t\t<\/div>\n\t\t\t\t\t\t\t\t<\/div>\n\t\t\t\t<\/div>\n\t\t\t\t\t<\/div>\n\t\t\t\t<\/div>\n\t\t<div class=\"elementor-element elementor-element-b68a250 e-flex e-con-boxed e-con e-child\" data-id=\"b68a250\" data-element_type=\"container\">\n\t\t\t\t\t<div class=\"e-con-inner\">\n\t\t\t\t<div class=\"elementor-element elementor-element-6f1d381 elementor-widget elementor-widget-heading\" data-id=\"6f1d381\" data-element_type=\"widget\" data-widget_type=\"heading.default\">\n\t\t\t\t<div class=\"elementor-widget-container\">\n\t\t\t\t\t<h2 class=\"elementor-heading-title elementor-size-default\">Reajuste de Pensi\u00f3n de Alimentos \u00bfQu\u00e9 es y c\u00f3mo hacer el tr\u00e1mite?<\/h2>\t\t\t\t<\/div>\n\t\t\t\t<\/div>\n\t\t\t\t<div class=\"elementor-element elementor-element-710fd41 elementor-widget elementor-widget-image\" data-id=\"710fd41\" data-element_type=\"widget\" data-widget_type=\"image.default\">\n\t\t\t\t<div class=\"elementor-widget-container\">\n\t\t\t\t\t\t\t\t\t\t\t\t\t\t\t<img decoding=\"async\" width=\"1024\" height=\"681\" src=\"https:\/\/gpasociados.cl\/wp-content\/uploads\/2024\/05\/providence-doucet-5za6niH4qpw-unsplash-1536x1021-1-1024x681.jpg\" class=\"attachment-large size-large wp-image-1082\" alt=\"\" srcset=\"https:\/\/gpasociados.cl\/wp-content\/uploads\/2024\/05\/providence-doucet-5za6niH4qpw-unsplash-1536x1021-1-1024x681.jpg 1024w, https:\/\/gpasociados.cl\/wp-content\/uploads\/2024\/05\/providence-doucet-5za6niH4qpw-unsplash-1536x1021-1-300x199.jpg 300w, https:\/\/gpasociados.cl\/wp-content\/uploads\/2024\/05\/providence-doucet-5za6niH4qpw-unsplash-1536x1021-1-768x511.jpg 768w, https:\/\/gpasociados.cl\/wp-content\/uploads\/2024\/05\/providence-doucet-5za6niH4qpw-unsplash-1536x1021-1.jpg 1536w\" sizes=\"(max-width: 1024px) 100vw, 1024px\" \/>\t\t\t\t\t\t\t\t\t\t\t\t\t\t\t<\/div>\n\t\t\t\t<\/div>\n\t\t\t\t<div class=\"elementor-element elementor-element-18609f7 elementor-widget elementor-widget-text-editor\" data-id=\"18609f7\" data-element_type=\"widget\" data-widget_type=\"text-editor.default\">\n\t\t\t\t<div class=\"elementor-widget-container\">\n\t\t\t\t\t\t\t\t\t<div class=\"bm-masonry-desc bm_content\">\u00bfPor qu\u00e9 es tan importante hacer el reajuste de pensi\u00f3n alimenticia y que beneficios tiene?<\/div>\t\t\t\t\t\t\t\t<\/div>\n\t\t\t\t<\/div>\n\t\t\t\t<div class=\"elementor-element elementor-element-35a5958 elementor-align-left elementor-widget__width-initial elementor-widget elementor-widget-button\" data-id=\"35a5958\" data-element_type=\"widget\" data-widget_type=\"button.default\">\n\t\t\t\t<div class=\"elementor-widget-container\">\n\t\t\t\t\t\t\t\t\t<div class=\"elementor-button-wrapper\">\n\t\t\t\t\t<a class=\"elementor-button elementor-button-link elementor-size-sm\" href=\"https:\/\/gpasociados.cl\/index.php\/reajuste-de-pension-de-alimentos\/\">\n\t\t\t\t\t\t<span class=\"elementor-button-content-wrapper\">\n\t\t\t\t\t\t\t\t\t<span class=\"elementor-button-text\">LEER M\u00c1S...<\/span>\n\t\t\t\t\t<\/span>\n\t\t\t\t\t<\/a>\n\t\t\t\t<\/div>\n\t\t\t\t\t\t\t\t<\/div>\n\t\t\t\t<\/div>\n\t\t\t\t\t<\/div>\n\t\t\t\t<\/div>\n\t\t\t\t\t<\/div>\n\t\t\t\t<\/div>\n\t\t<div class=\"elementor-element elementor-element-f4475f9 e-flex e-con-boxed e-con e-parent\" data-id=\"f4475f9\" data-element_type=\"container\">\n\t\t\t\t\t<div class=\"e-con-inner\">\n\t\t<div class=\"elementor-element elementor-element-7c9c77a e-con-full e-flex e-con e-child\" data-id=\"7c9c77a\" data-element_type=\"container\">\n\t\t\t\t<div class=\"elementor-element elementor-element-f2aad02 elementor-widget__width-initial elementor-widget elementor-widget-heading\" data-id=\"f2aad02\" data-element_type=\"widget\" data-widget_type=\"heading.default\">\n\t\t\t\t<div class=\"elementor-widget-container\">\n\t\t\t\t\t<h2 class=\"elementor-heading-title elementor-size-default\">Obt\u00e9n la ayuda que necesitas con solo rellenar este formulario<\/h2>\t\t\t\t<\/div>\n\t\t\t\t<\/div>\n\t\t\t\t<div class=\"elementor-element elementor-element-dd245b1 elementor-widget elementor-widget-text-editor\" data-id=\"dd245b1\" data-element_type=\"widget\" data-widget_type=\"text-editor.default\">\n\t\t\t\t<div class=\"elementor-widget-container\">\n\t\t\t\t\t\t\t\t\t<h6 class=\"elementor-heading-title elementor-size-default\">Nuestros abogados te responder\u00e1n a la brevedad.<\/h6>\t\t\t\t\t\t\t\t<\/div>\n\t\t\t\t<\/div>\n\t\t\t\t<div class=\"elementor-element elementor-element-f7cdf15 elementor-widget elementor-widget-text-editor\" data-id=\"f7cdf15\" data-element_type=\"widget\" data-widget_type=\"text-editor.default\">\n\t\t\t\t<div class=\"elementor-widget-container\">\n\t\t\t\t\t\t\t\t\t<h6 class=\"elementor-heading-title elementor-size-default\">O si prefieres tambi\u00e9n puedes llamarnos.<\/h6>\t\t\t\t\t\t\t\t<\/div>\n\t\t\t\t<\/div>\n\t\t\t\t<div class=\"elementor-element elementor-element-a77f7af elementor-widget elementor-widget-heading\" data-id=\"a77f7af\" data-element_type=\"widget\" data-widget_type=\"heading.default\">\n\t\t\t\t<div class=\"elementor-widget-container\">\n\t\t\t\t\t<h2 class=\"elementor-heading-title elementor-size-default\">\nN\u00famero: +56 2 3271 6425\n<\/h2>\t\t\t\t<\/div>\n\t\t\t\t<\/div>\n\t\t\t\t<\/div>\n\t\t\t\t\t<\/div>\n\t\t\t\t<\/div>\n\t\t\t\t<\/div>\n\t\t","protected":false},"excerpt":{"rendered":"<p>Interdicci\u00f3n Por Demencia Interdicci\u00f3n por demencia o por discapacidad mental, todo lo que debes saber. LEER M\u00c1S&#8230; Ley de Quiebra [&hellip;]<\/p>\n","protected":false},"author":1,"featured_media":0,"parent":0,"menu_order":0,"comment_status":"closed","ping_status":"closed","template":"","meta":{"site-sidebar-layout":"no-sidebar","site-content-layout":"","ast-site-content-layout":"full-width-container","site-content-style":"default","site-sidebar-style":"default","ast-global-header-display":"","ast-banner-title-visibility":"","ast-main-header-display":"","ast-hfb-above-header-display":"","ast-hfb-below-header-display":"","ast-hfb-mobile-header-display":"","site-post-title":"disabled","ast-breadcrumbs-content":"","ast-featured-img":"disabled","footer-sml-layout":"","theme-transparent-header-meta":"","adv-header-id-meta":"","stick-header-meta":"","header-above-stick-meta":"","header-main-stick-meta":"","header-below-stick-meta":"","astra-migrate-meta-layouts":"default","ast-page-background-enabled":"default","ast-page-background-meta":{"desktop":{"background-color":"var(--ast-global-color-4)","background-image":"","background-repeat":"repeat","background-position":"center center","background-size":"auto","background-attachment":"scroll","background-type":"","background-media":"","overlay-type":"","overlay-color":"","overlay-opacity":"","overlay-gradient":""},"tablet":{"background-color":"","background-image":"","background-repeat":"repeat","background-position":"center center","background-size":"auto","background-attachment":"scroll","background-type":"","background-media":"","overlay-type":"","overlay-color":"","overlay-opacity":"","overlay-gradient":""},"mobile":{"background-color":"","background-image":"","background-repeat":"repeat","background-position":"center center","background-size":"auto","background-attachment":"scroll","background-type":"","background-media":"","overlay-type":"","overlay-color":"","overlay-opacity":"","overlay-gradient":""}},"ast-content-background-meta":{"desktop":{"background-color":"var(--ast-global-color-5)","background-image":"","background-repeat":"repeat","background-position":"center center","background-size":"auto","background-attachment":"scroll","background-type":"","background-media":"","overlay-type":"","overlay-color":"","overlay-opacity":"","overlay-gradient":""},"tablet":{"background-color":"var(--ast-global-color-5)","background-image":"","background-repeat":"repeat","background-position":"center center","background-size":"auto","background-attachment":"scroll","background-type":"","background-media":"","overlay-type":"","overlay-color":"","overlay-opacity":"","overlay-gradient":""},"mobile":{"background-color":"var(--ast-global-color-5)","background-image":"","background-repeat":"repeat","background-position":"center center","background-size":"auto","background-attachment":"scroll","background-type":"","background-media":"","overlay-type":"","overlay-color":"","overlay-opacity":"","overlay-gradient":""}},"footnotes":""},"class_list":["post-383","page","type-page","status-publish","hentry"],"yoast_head":"<!-- This site is optimized with the Yoast SEO plugin v26.0 - https:\/\/yoast.com\/wordpress\/plugins\/seo\/ -->\n<title>Biblioteca - GP asociados - Estudio jur\u00eddico<\/title>\n<meta name=\"robots\" content=\"index, follow, max-snippet:-1, max-image-preview:large, max-video-preview:-1\" \/>\n<link rel=\"canonical\" href=\"https:\/\/gpasociados.cl\/index.php\/biblioteca\/\" \/>\n<meta property=\"og:locale\" content=\"es_ES\" \/>\n<meta property=\"og:type\" content=\"article\" \/>\n<meta property=\"og:title\" content=\"Biblioteca - GP asociados - Estudio jur\u00eddico\" \/>\n<meta property=\"og:description\" content=\"Interdicci\u00f3n Por Demencia Interdicci\u00f3n por demencia o por discapacidad mental, todo lo que debes saber. LEER M\u00c1S&#8230; Ley de Quiebra [&hellip;]\" \/>\n<meta property=\"og:url\" content=\"https:\/\/gpasociados.cl\/index.php\/biblioteca\/\" \/>\n<meta property=\"og:site_name\" content=\"GP asociados - Estudio jur\u00eddico\" \/>\n<meta property=\"article:modified_time\" content=\"2024-05-10T17:04:29+00:00\" \/>\n<meta property=\"og:image\" content=\"https:\/\/gpasociados.cl\/wp-content\/uploads\/2024\/05\/andreea-popa-tmEUmG9K2r0-unsplash-1638x2048-1-819x1024.jpg\" \/>\n<meta name=\"twitter:card\" content=\"summary_large_image\" \/>\n<meta name=\"twitter:label1\" content=\"Tiempo estimado de lectura\" \/>\n\t<meta name=\"twitter:data1\" content=\"1 minuto\" \/>\n<script type=\"application\/ld+json\" class=\"yoast-schema-graph\">{\"@context\":\"https:\/\/schema.org\",\"@graph\":[{\"@type\":\"WebPage\",\"@id\":\"https:\/\/gpasociados.cl\/index.php\/biblioteca\/\",\"url\":\"https:\/\/gpasociados.cl\/index.php\/biblioteca\/\",\"name\":\"Biblioteca - GP asociados - Estudio jur\u00eddico\",\"isPartOf\":{\"@id\":\"https:\/\/gpasociados.cl\/#website\"},\"primaryImageOfPage\":{\"@id\":\"https:\/\/gpasociados.cl\/index.php\/biblioteca\/#primaryimage\"},\"image\":{\"@id\":\"https:\/\/gpasociados.cl\/index.php\/biblioteca\/#primaryimage\"},\"thumbnailUrl\":\"https:\/\/gpasociados.cl\/wp-content\/uploads\/2024\/05\/andreea-popa-tmEUmG9K2r0-unsplash-1638x2048-1-819x1024.jpg\",\"datePublished\":\"2024-05-08T21:05:25+00:00\",\"dateModified\":\"2024-05-10T17:04:29+00:00\",\"breadcrumb\":{\"@id\":\"https:\/\/gpasociados.cl\/index.php\/biblioteca\/#breadcrumb\"},\"inLanguage\":\"es-CL\",\"potentialAction\":[{\"@type\":\"ReadAction\",\"target\":[\"https:\/\/gpasociados.cl\/index.php\/biblioteca\/\"]}]},{\"@type\":\"ImageObject\",\"inLanguage\":\"es-CL\",\"@id\":\"https:\/\/gpasociados.cl\/index.php\/biblioteca\/#primaryimage\",\"url\":\"https:\/\/gpasociados.cl\/wp-content\/uploads\/2024\/05\/andreea-popa-tmEUmG9K2r0-unsplash-1638x2048-1.jpg\",\"contentUrl\":\"https:\/\/gpasociados.cl\/wp-content\/uploads\/2024\/05\/andreea-popa-tmEUmG9K2r0-unsplash-1638x2048-1.jpg\",\"width\":1638,\"height\":2048},{\"@type\":\"BreadcrumbList\",\"@id\":\"https:\/\/gpasociados.cl\/index.php\/biblioteca\/#breadcrumb\",\"itemListElement\":[{\"@type\":\"ListItem\",\"position\":1,\"name\":\"Portada\",\"item\":\"https:\/\/gpasociados.cl\/\"},{\"@type\":\"ListItem\",\"position\":2,\"name\":\"Biblioteca\"}]},{\"@type\":\"WebSite\",\"@id\":\"https:\/\/gpasociados.cl\/#website\",\"url\":\"https:\/\/gpasociados.cl\/\",\"name\":\"GP asociados - Estudio jur\u00eddico\",\"description\":\"\",\"publisher\":{\"@id\":\"https:\/\/gpasociados.cl\/#organization\"},\"potentialAction\":[{\"@type\":\"SearchAction\",\"target\":{\"@type\":\"EntryPoint\",\"urlTemplate\":\"https:\/\/gpasociados.cl\/?s={search_term_string}\"},\"query-input\":{\"@type\":\"PropertyValueSpecification\",\"valueRequired\":true,\"valueName\":\"search_term_string\"}}],\"inLanguage\":\"es-CL\"},{\"@type\":\"Organization\",\"@id\":\"https:\/\/gpasociados.cl\/#organization\",\"name\":\"GP asociados - Estudio jur\u00eddico\",\"url\":\"https:\/\/gpasociados.cl\/\",\"logo\":{\"@type\":\"ImageObject\",\"inLanguage\":\"es-CL\",\"@id\":\"https:\/\/gpasociados.cl\/#\/schema\/logo\/image\/\",\"url\":\"https:\/\/gpasociados.cl\/wp-content\/uploads\/2024\/05\/cropped-cropped-GP-Asociados-900300-224x75-1.png\",\"contentUrl\":\"https:\/\/gpasociados.cl\/wp-content\/uploads\/2024\/05\/cropped-cropped-GP-Asociados-900300-224x75-1.png\",\"width\":224,\"height\":74,\"caption\":\"GP asociados - Estudio jur\u00eddico\"},\"image\":{\"@id\":\"https:\/\/gpasociados.cl\/#\/schema\/logo\/image\/\"}}]}<\/script>\n<!-- \/ Yoast SEO plugin. -->","yoast_head_json":{"title":"Biblioteca - GP asociados - Estudio jur\u00eddico","robots":{"index":"index","follow":"follow","max-snippet":"max-snippet:-1","max-image-preview":"max-image-preview:large","max-video-preview":"max-video-preview:-1"},"canonical":"https:\/\/gpasociados.cl\/index.php\/biblioteca\/","og_locale":"es_ES","og_type":"article","og_title":"Biblioteca - GP asociados - Estudio jur\u00eddico","og_description":"Interdicci\u00f3n Por Demencia Interdicci\u00f3n por demencia o por discapacidad mental, todo lo que debes saber. LEER M\u00c1S&#8230; Ley de Quiebra [&hellip;]","og_url":"https:\/\/gpasociados.cl\/index.php\/biblioteca\/","og_site_name":"GP asociados - Estudio jur\u00eddico","article_modified_time":"2024-05-10T17:04:29+00:00","og_image":[{"url":"https:\/\/gpasociados.cl\/wp-content\/uploads\/2024\/05\/andreea-popa-tmEUmG9K2r0-unsplash-1638x2048-1-819x1024.jpg","type":"","width":"","height":""}],"twitter_card":"summary_large_image","twitter_misc":{"Tiempo estimado de lectura":"1 minuto"},"schema":{"@context":"https:\/\/schema.org","@graph":[{"@type":"WebPage","@id":"https:\/\/gpasociados.cl\/index.php\/biblioteca\/","url":"https:\/\/gpasociados.cl\/index.php\/biblioteca\/","name":"Biblioteca - GP asociados - Estudio jur\u00eddico","isPartOf":{"@id":"https:\/\/gpasociados.cl\/#website"},"primaryImageOfPage":{"@id":"https:\/\/gpasociados.cl\/index.php\/biblioteca\/#primaryimage"},"image":{"@id":"https:\/\/gpasociados.cl\/index.php\/biblioteca\/#primaryimage"},"thumbnailUrl":"https:\/\/gpasociados.cl\/wp-content\/uploads\/2024\/05\/andreea-popa-tmEUmG9K2r0-unsplash-1638x2048-1-819x1024.jpg","datePublished":"2024-05-08T21:05:25+00:00","dateModified":"2024-05-10T17:04:29+00:00","breadcrumb":{"@id":"https:\/\/gpasociados.cl\/index.php\/biblioteca\/#breadcrumb"},"inLanguage":"es-CL","potentialAction":[{"@type":"ReadAction","target":["https:\/\/gpasociados.cl\/index.php\/biblioteca\/"]}]},{"@type":"ImageObject","inLanguage":"es-CL","@id":"https:\/\/gpasociados.cl\/index.php\/biblioteca\/#primaryimage","url":"https:\/\/gpasociados.cl\/wp-content\/uploads\/2024\/05\/andreea-popa-tmEUmG9K2r0-unsplash-1638x2048-1.jpg","contentUrl":"https:\/\/gpasociados.cl\/wp-content\/uploads\/2024\/05\/andreea-popa-tmEUmG9K2r0-unsplash-1638x2048-1.jpg","width":1638,"height":2048},{"@type":"BreadcrumbList","@id":"https:\/\/gpasociados.cl\/index.php\/biblioteca\/#breadcrumb","itemListElement":[{"@type":"ListItem","position":1,"name":"Portada","item":"https:\/\/gpasociados.cl\/"},{"@type":"ListItem","position":2,"name":"Biblioteca"}]},{"@type":"WebSite","@id":"https:\/\/gpasociados.cl\/#website","url":"https:\/\/gpasociados.cl\/","name":"GP asociados - Estudio jur\u00eddico","description":"","publisher":{"@id":"https:\/\/gpasociados.cl\/#organization"},"potentialAction":[{"@type":"SearchAction","target":{"@type":"EntryPoint","urlTemplate":"https:\/\/gpasociados.cl\/?s={search_term_string}"},"query-input":{"@type":"PropertyValueSpecification","valueRequired":true,"valueName":"search_term_string"}}],"inLanguage":"es-CL"},{"@type":"Organization","@id":"https:\/\/gpasociados.cl\/#organization","name":"GP asociados - Estudio jur\u00eddico","url":"https:\/\/gpasociados.cl\/","logo":{"@type":"ImageObject","inLanguage":"es-CL","@id":"https:\/\/gpasociados.cl\/#\/schema\/logo\/image\/","url":"https:\/\/gpasociados.cl\/wp-content\/uploads\/2024\/05\/cropped-cropped-GP-Asociados-900300-224x75-1.png","contentUrl":"https:\/\/gpasociados.cl\/wp-content\/uploads\/2024\/05\/cropped-cropped-GP-Asociados-900300-224x75-1.png","width":224,"height":74,"caption":"GP asociados - Estudio jur\u00eddico"},"image":{"@id":"https:\/\/gpasociados.cl\/#\/schema\/logo\/image\/"}}]}},"_links":{"self":[{"href":"https:\/\/gpasociados.cl\/index.php\/wp-json\/wp\/v2\/pages\/383","targetHints":{"allow":["GET"]}}],"collection":[{"href":"https:\/\/gpasociados.cl\/index.php\/wp-json\/wp\/v2\/pages"}],"about":[{"href":"https:\/\/gpasociados.cl\/index.php\/wp-json\/wp\/v2\/types\/page"}],"author":[{"embeddable":true,"href":"https:\/\/gpasociados.cl\/index.php\/wp-json\/wp\/v2\/users\/1"}],"replies":[{"embeddable":true,"href":"https:\/\/gpasociados.cl\/index.php\/wp-json\/wp\/v2\/comments?post=383"}],"version-history":[{"count":49,"href":"https:\/\/gpasociados.cl\/index.php\/wp-json\/wp\/v2\/pages\/383\/revisions"}],"predecessor-version":[{"id":1173,"href":"https:\/\/gpasociados.cl\/index.php\/wp-json\/wp\/v2\/pages\/383\/revisions\/1173"}],"wp:attachment":[{"href":"https:\/\/gpasociados.cl\/index.php\/wp-json\/wp\/v2\/media?parent=383"}],"curies":[{"name":"wp","href":"https:\/\/api.w.org\/{rel}","templated":true}]}}